{"id":1042,"date":"2020-08-11T10:49:47","date_gmt":"2020-08-11T09:49:47","guid":{"rendered":"http:\/\/centredeyoga-lyon-jean-mace.org\/?page_id=1042"},"modified":"2026-01-28T16:11:46","modified_gmt":"2026-01-28T14:11:46","slug":"yoga-ify","status":"publish","type":"page","link":"https:\/\/centredeyoga-lyon-jean-mace.org\/index.php\/le-yoga-pratique-et-effets\/yoga-ify\/","title":{"rendered":"Notre approche\u00a0: le Yoga de l\u2019IFY"},"content":{"rendered":"\n<p>Les enseignant.e.s de yoga du Centre sont tou.te.s reli\u00e9.e.s \u00e0 ce courant, \u00e0 travers son association r\u00e9gionale l\u2019<a href=\"https:\/\/www.ify.fr\/lyon-centre-est\/\">IFYLCE<\/a> (IFY Lyon Centre-Est).<br>Vous trouverez des informations compl\u00e8tes sur ce courant de yoga en consultant leurs sites. Dans cet esprit, nous respectons notamment \u00ab&nbsp;<strong>La charte de d\u00e9ontologie<\/strong>&nbsp;\u00bb de l\u2019IFY, accessible <a href=\"https:\/\/www.ify.fr\/devenir-enseignant\/la-demarche\/\" target=\"_blank\" rel=\"noreferrer noopener\">sur cette page<\/a>.<\/p>\n\n\n\n<h3 class=\"wp-block-heading\">L\u2019origine du Yoga de l&rsquo;IFY<\/h3>\n\n\n\n<div class=\"wp-block-columns is-layout-flex wp-container-core-columns-is-layout-9d6595d7 wp-block-columns-is-layout-flex\">\n<div class=\"wp-block-column is-vertically-aligned-center is-layout-flow wp-block-column-is-layout-flow\" style=\"flex-basis:66.66%\">\n<p>Il s\u2019agit du yoga qui est enseign\u00e9 \u00e0 l\u2019<strong>Institut Fran\u00e7ais de Yoga ou \u00ab\u00a0IFY\u00a0\u00bb<\/strong>. Ce courant de Yoga a aussi port\u00e9 le nom de <em>viniyoga<\/em> ou de <em>yoga de Madras<\/em>. Il vient en effet de cette ville de l\u2019Inde du Sud (qui a repris aujourd\u2019hui son nom indien Chennai).<\/p>\n<\/div>\n\n\n\n<div class=\"wp-block-column is-vertically-aligned-top is-layout-flow wp-block-column-is-layout-flow\" style=\"flex-basis:33.33%\">\n<figure class=\"wp-block-image size-full\"><a href=\"https:\/\/www.ify.fr\/\" target=\"_blank\" rel=\"noreferrer noopener\"><img loading=\"lazy\" decoding=\"async\" width=\"800\" height=\"383\" src=\"https:\/\/centredeyoga-lyon-jean-mace.org\/wp-content\/uploads\/2023\/01\/Logo-IFY-horizontal-2023-petit.png\" alt=\"Logo IFY Institut fran\u00e7ais de yoga\" class=\"wp-image-3146\" srcset=\"https:\/\/centredeyoga-lyon-jean-mace.org\/wp-content\/uploads\/2023\/01\/Logo-IFY-horizontal-2023-petit.png 800w, https:\/\/centredeyoga-lyon-jean-mace.org\/wp-content\/uploads\/2023\/01\/Logo-IFY-horizontal-2023-petit-300x144.png 300w, https:\/\/centredeyoga-lyon-jean-mace.org\/wp-content\/uploads\/2023\/01\/Logo-IFY-horizontal-2023-petit-768x368.png 768w\" sizes=\"auto, (max-width: 800px) 100vw, 800px\" \/><\/a><\/figure>\n<\/div>\n<\/div>\n\n\n\n<p>Le \u00ab Yoga de l\u2019IFY \u00bb est un yoga complet, qui repose sur <strong>l&rsquo;utilisation des 8 membres du yoga<\/strong>, tels que d\u00e9finis dans le texte de r\u00e9f\u00e9rence <em><a href=\"https:\/\/fr.wikipedia.org\/wiki\/Yoga_s%C5%ABtra\">Yoga s\u016btra<\/a><\/em>. Il est inspir\u00e9 de <strong>l\u2019enseignement direct de TKV Desikachar<\/strong>, qui a \u00e9t\u00e9 synth\u00e9tis\u00e9 par ses diff\u00e9rents \u00e9l\u00e8ves europ\u00e9ens. TKV Desikachar est un des fils de <a href=\"https:\/\/fr.wikipedia.org\/wiki\/Krishnamacharia\">T Krishnamacharya<\/a>, qui est consid\u00e9r\u00e9 comme l\u2019un des p\u00e8res du yoga moderne.<br>Le c\u0153ur de notre travail repose donc sur un yoga de pure tradition indienne, respectueux de la personne et qui allie <strong>posture<\/strong>, <strong>respiration <\/strong>et <strong>m\u00e9ditation<\/strong>. La d\u00e9marche est donc proche du <em>Hatha Yoga<\/em>, plus connu.<\/p>\n\n\n\n<figure class=\"wp-block-image size-large is-style-rounded\"><img loading=\"lazy\" decoding=\"async\" width=\"1024\" height=\"318\" src=\"https:\/\/centredeyoga-lyon-jean-mace.org\/wp-content\/uploads\/2025\/11\/Haut-de-page-19-1024x318.jpg\" alt=\"D\u00e9ontologie IFY - Yoga avec adaptation\" class=\"wp-image-4887\" srcset=\"https:\/\/centredeyoga-lyon-jean-mace.org\/wp-content\/uploads\/2025\/11\/Haut-de-page-19-1024x318.jpg 1024w, https:\/\/centredeyoga-lyon-jean-mace.org\/wp-content\/uploads\/2025\/11\/Haut-de-page-19-300x93.jpg 300w, https:\/\/centredeyoga-lyon-jean-mace.org\/wp-content\/uploads\/2025\/11\/Haut-de-page-19-768x238.jpg 768w, https:\/\/centredeyoga-lyon-jean-mace.org\/wp-content\/uploads\/2025\/11\/Haut-de-page-19.jpg 1061w\" sizes=\"auto, (max-width: 1024px) 100vw, 1024px\" \/><\/figure>\n\n\n\n<h3 class=\"wp-block-heading\"><br><strong>Notre approche en quelques principes<\/strong><\/h3>\n\n\n\n<p>Ce courant de yoga s\u2019attache \u00e0 privil\u00e9gier la singularit\u00e9 de chaque personne en <strong>prenant en compte sa culture, son environnement, sa sant\u00e9, ses possibilit\u00e9s et ses aspirations<\/strong>. Ainsi, le cheminement est progressif en recherchant l\u2019effort juste et en alliant <strong>d\u00e9tente<\/strong> et <strong>fermet\u00e9<\/strong>. Dans la pratique, il s\u2019agit par exemple de respecter l\u2019intention des postures tout en les adaptant aux possibilit\u00e9s corporelles de chacun.<\/p>\n\n\n\n<blockquote class=\"wp-block-quote is-style-large is-layout-flow wp-block-quote-is-layout-flow\">\n<p><em>\u00ab\u00a0C&rsquo;est le yoga qui s&rsquo;adapte \u00e0 la personne et non la personne qui s&rsquo;adapte au yoga\u00a0\u00bb<\/em><\/p>\n<\/blockquote>\n\n\n\n<p>Ainsi, gr\u00e2ce \u00e0 l\u2019<strong>adaptation cr\u00e9ative<\/strong> des techniques (<em>viniyoga<\/em>) et \u00e0 la <strong>progression graduelle<\/strong> (<em>viny\u0101sa<\/em>) dans les s\u00e9ances, <strong>tout le monde peut pratiquer le yoga<\/strong>. Par exemple, nous pouvons guider :<br>&#8211; des jeunes adultes en pleine sant\u00e9<br>&#8211; des femmes enceintes,<br>&#8211; des personnes \u00e2g\u00e9es<br>&#8211; des personnes pr\u00e9sentant des probl\u00e8mes articulaires ou un handicap<br>&#8211; des enfants (en s\u00e9ances sp\u00e9cialis\u00e9es, \u00e0 part des adultes)<\/p>\n\n\n\n<h4 class=\"wp-block-heading\">Adaptation en plus ou en moins intense!<\/h4>\n\n\n\n<p>Mais <strong>\u00ab\u00a0adaptations\u00a0\u00bb ne veut pas dire forc\u00e9ment de r\u00e9duire la pratique!<\/strong>&nbsp;: une personne avec des facilit\u00e9s corporelles pourra <strong>adapter en renfor\u00e7ant la posture<\/strong>. Ainsi, dans la m\u00eame s\u00e9ance, nous pouvons avoir une personne qui pratique sur un posture de yoga sur chaise et une autre qui pratique la m\u00eame posture assise au sol. Voir \u00e0 ce sujet notre page \u00ab\u00a0<a href=\"https:\/\/centredeyoga-lyon-jean-mace.org\/index.php\/le-yoga\/yoga-adapte\/\">Yoga adapt\u00e9<\/a> \u00ab\u00a0<\/p>\n\n\n\n<figure class=\"wp-block-image size-large is-style-rounded\"><img loading=\"lazy\" decoding=\"async\" width=\"1024\" height=\"608\" src=\"https:\/\/centredeyoga-lyon-jean-mace.org\/wp-content\/uploads\/2023\/11\/DSC08563-1024x608.jpg\" alt=\"pratique du yoga de l'IFY\" class=\"wp-image-3578\" srcset=\"https:\/\/centredeyoga-lyon-jean-mace.org\/wp-content\/uploads\/2023\/11\/DSC08563-1024x608.jpg 1024w, https:\/\/centredeyoga-lyon-jean-mace.org\/wp-content\/uploads\/2023\/11\/DSC08563-300x178.jpg 300w, https:\/\/centredeyoga-lyon-jean-mace.org\/wp-content\/uploads\/2023\/11\/DSC08563-768x456.jpg 768w, https:\/\/centredeyoga-lyon-jean-mace.org\/wp-content\/uploads\/2023\/11\/DSC08563-1536x912.jpg 1536w, https:\/\/centredeyoga-lyon-jean-mace.org\/wp-content\/uploads\/2023\/11\/DSC08563-2048x1216.jpg 2048w\" sizes=\"auto, (max-width: 1024px) 100vw, 1024px\" \/><\/figure>\n\n\n\n<p><em>Des postures que chacun.e peut adapter \u00e0 ses possibilit\u00e9s<\/em> : tapis, coussin, chaise&#8230;<\/p>\n\n\n\n<h4 class=\"wp-block-heading\">Autres points cl\u00e9s<\/h4>\n\n\n\n<p>L\u2019observation tient \u00e9galement une grande place dans la pratique, afin d\u2019<strong>affiner la sensibilit\u00e9<\/strong> et <strong>d\u00e9velopper l\u2019autonomie<\/strong>. Le travail sur les postures et la respiration cr\u00e9e les conditions favorables \u00e0 <strong>la concentration<\/strong>. Pour profiter de cet \u00e9tat d&rsquo;attention, nous proposons g\u00e9n\u00e9ralement un court temps de <strong>m\u00e9ditation<\/strong> en fin de s\u00e9ance.<\/p>\n\n\n\n<p class=\"has-medium-font-size\">Consultez notre \u00ab\u00a0<a href=\"https:\/\/centredeyoga-lyon-jean-mace.org\/index.php\/le-yoga\/foire-aux-questions-sur-le-yoga\/\">Foire aux questions<\/a>\u00a0\u00bb pour v\u00e9rifier les propositions du yoga.<\/p>\n\n\n\n<p>Si vous \u00eates curieux.se, venez faire un cours d&rsquo;essai!<\/p>\n\n\n\n<div class=\"wp-block-buttons is-horizontal is-content-justification-center is-layout-flex wp-container-core-buttons-is-layout-499968f5 wp-block-buttons-is-layout-flex\">\n<div class=\"wp-block-button\"><a class=\"wp-block-button__link has-white-color has-luminous-vivid-amber-to-luminous-vivid-orange-gradient-background has-text-color has-background wp-element-button\" href=\"https:\/\/centredeyoga-lyon-jean-mace.org\/index.php\/cours\/cours-hebdomadaires-yoga-pilates-sophrologie-lyon-7\/\"><strong>S&rsquo;inscrire? Faire un cours d&rsquo;essai?<\/strong><\/a><\/div>\n<\/div>\n","protected":false},"excerpt":{"rendered":"<p>Les enseignant.e.s de yoga du Centre sont tou.te.s reli\u00e9.e.s \u00e0 ce courant, \u00e0 travers son association r\u00e9gionale l\u2019IFYLCE (IFY Lyon Centre-Est).Vous trouverez des informations compl\u00e8tes sur ce courant de yoga en consultant leurs sites. Dans cet esprit, nous respectons notamment \u00ab&nbsp;La charte de d\u00e9ontologie&nbsp;\u00bb de l\u2019IFY, accessible sur cette page. L\u2019origine du Yoga de l&rsquo;IFY [&hellip;]<\/p>\n","protected":false},"author":3,"featured_media":0,"parent":40,"menu_order":0,"comment_status":"closed","ping_status":"closed","template":"","meta":{"_monsterinsights_skip_tracking":false,"_monsterinsights_sitenote_active":false,"_monsterinsights_sitenote_note":"","_monsterinsights_sitenote_category":0,"footnotes":""},"class_list":["post-1042","page","type-page","status-publish","hentry","clear"],"yoast_head":"<!-- This site is optimized with the Yoast SEO plugin v27.3 - https:\/\/yoast.com\/product\/yoast-seo-wordpress\/ -->\n<title>Notre approche\u00a0: le Yoga de l\u2019IFY - Centre de Yoga Lyon Jean Mac\u00e9<\/title>\n<meta name=\"description\" content=\"Le yoga de l&#039;IFY (ou Institut fran\u00e7ais de yoga) utilise les 8 membres du yoga, tels que d\u00e9finis dans le Yoga sutra, texte de r\u00e9f\u00e9rence\" \/>\n<meta name=\"robots\" content=\"index, follow, max-snippet:-1, max-image-preview:large, max-video-preview:-1\" \/>\n<link rel=\"canonical\" href=\"https:\/\/centredeyoga-lyon-jean-mace.org\/index.php\/le-yoga-pratique-et-effets\/yoga-ify\/\" \/>\n<meta property=\"og:locale\" content=\"fr_FR\" \/>\n<meta property=\"og:type\" content=\"article\" \/>\n<meta property=\"og:title\" content=\"Notre approche\u00a0: le Yoga de l\u2019IFY - Centre de Yoga Lyon Jean Mac\u00e9\" \/>\n<meta property=\"og:description\" content=\"Le yoga de l&#039;IFY (ou Institut fran\u00e7ais de yoga) utilise les 8 membres du yoga, tels que d\u00e9finis dans le Yoga sutra, texte de r\u00e9f\u00e9rence\" \/>\n<meta property=\"og:url\" content=\"https:\/\/centredeyoga-lyon-jean-mace.org\/index.php\/le-yoga-pratique-et-effets\/yoga-ify\/\" \/>\n<meta property=\"og:site_name\" content=\"Centre de Yoga Lyon Jean Mac\u00e9\" \/>\n<meta property=\"article:publisher\" content=\"https:\/\/www.facebook.com\/CentredeYogaLyonJeanMace\" \/>\n<meta property=\"article:modified_time\" content=\"2026-01-28T14:11:46+00:00\" \/>\n<meta property=\"og:image\" content=\"https:\/\/centredeyoga-lyon-jean-mace.org\/wp-content\/uploads\/2023\/01\/Logo-IFY-horizontal-2023-petit.png\" \/>\n\t<meta property=\"og:image:width\" content=\"800\" \/>\n\t<meta property=\"og:image:height\" content=\"383\" \/>\n\t<meta property=\"og:image:type\" content=\"image\/png\" \/>\n<meta name=\"twitter:card\" content=\"summary_large_image\" \/>\n<meta name=\"twitter:label1\" content=\"Dur\u00e9e de lecture estim\u00e9e\" \/>\n\t<meta name=\"twitter:data1\" content=\"4 minutes\" \/>\n<script type=\"application\/ld+json\" class=\"yoast-schema-graph\">{\"@context\":\"https:\\\/\\\/schema.org\",\"@graph\":[{\"@type\":\"WebPage\",\"@id\":\"https:\\\/\\\/centredeyoga-lyon-jean-mace.org\\\/index.php\\\/le-yoga-pratique-et-effets\\\/yoga-ify\\\/\",\"url\":\"https:\\\/\\\/centredeyoga-lyon-jean-mace.org\\\/index.php\\\/le-yoga-pratique-et-effets\\\/yoga-ify\\\/\",\"name\":\"Notre approche\u00a0: le Yoga de l\u2019IFY - Centre de Yoga Lyon Jean Mac\u00e9\",\"isPartOf\":{\"@id\":\"https:\\\/\\\/centredeyoga-lyon-jean-mace.org\\\/#website\"},\"primaryImageOfPage\":{\"@id\":\"https:\\\/\\\/centredeyoga-lyon-jean-mace.org\\\/index.php\\\/le-yoga-pratique-et-effets\\\/yoga-ify\\\/#primaryimage\"},\"image\":{\"@id\":\"https:\\\/\\\/centredeyoga-lyon-jean-mace.org\\\/index.php\\\/le-yoga-pratique-et-effets\\\/yoga-ify\\\/#primaryimage\"},\"thumbnailUrl\":\"https:\\\/\\\/centredeyoga-lyon-jean-mace.org\\\/wp-content\\\/uploads\\\/2023\\\/01\\\/Logo-IFY-horizontal-2023-petit.png\",\"datePublished\":\"2020-08-11T09:49:47+00:00\",\"dateModified\":\"2026-01-28T14:11:46+00:00\",\"description\":\"Le yoga de l'IFY (ou Institut fran\u00e7ais de yoga) utilise les 8 membres du yoga, tels que d\u00e9finis dans le Yoga sutra, texte de r\u00e9f\u00e9rence\",\"breadcrumb\":{\"@id\":\"https:\\\/\\\/centredeyoga-lyon-jean-mace.org\\\/index.php\\\/le-yoga-pratique-et-effets\\\/yoga-ify\\\/#breadcrumb\"},\"inLanguage\":\"fr-FR\",\"potentialAction\":[{\"@type\":\"ReadAction\",\"target\":[\"https:\\\/\\\/centredeyoga-lyon-jean-mace.org\\\/index.php\\\/le-yoga-pratique-et-effets\\\/yoga-ify\\\/\"]}]},{\"@type\":\"ImageObject\",\"inLanguage\":\"fr-FR\",\"@id\":\"https:\\\/\\\/centredeyoga-lyon-jean-mace.org\\\/index.php\\\/le-yoga-pratique-et-effets\\\/yoga-ify\\\/#primaryimage\",\"url\":\"https:\\\/\\\/centredeyoga-lyon-jean-mace.org\\\/wp-content\\\/uploads\\\/2023\\\/01\\\/Logo-IFY-horizontal-2023-petit.png\",\"contentUrl\":\"https:\\\/\\\/centredeyoga-lyon-jean-mace.org\\\/wp-content\\\/uploads\\\/2023\\\/01\\\/Logo-IFY-horizontal-2023-petit.png\",\"width\":800,\"height\":383},{\"@type\":\"BreadcrumbList\",\"@id\":\"https:\\\/\\\/centredeyoga-lyon-jean-mace.org\\\/index.php\\\/le-yoga-pratique-et-effets\\\/yoga-ify\\\/#breadcrumb\",\"itemListElement\":[{\"@type\":\"ListItem\",\"position\":1,\"name\":\"Accueil\",\"item\":\"https:\\\/\\\/centredeyoga-lyon-jean-mace.org\\\/\"},{\"@type\":\"ListItem\",\"position\":2,\"name\":\"La pratique du Yoga et ses effets\",\"item\":\"https:\\\/\\\/centredeyoga-lyon-jean-mace.org\\\/index.php\\\/le-yoga-pratique-et-effets\\\/\"},{\"@type\":\"ListItem\",\"position\":3,\"name\":\"Notre approche\u00a0: le Yoga de l\u2019IFY\"}]},{\"@type\":\"WebSite\",\"@id\":\"https:\\\/\\\/centredeyoga-lyon-jean-mace.org\\\/#website\",\"url\":\"https:\\\/\\\/centredeyoga-lyon-jean-mace.org\\\/\",\"name\":\"Centre de yoga Lyon Jean Mac\u00e9\",\"description\":\"Une salle de Yoga au coeur de Lyon\",\"publisher\":{\"@id\":\"https:\\\/\\\/centredeyoga-lyon-jean-mace.org\\\/#organization\"},\"potentialAction\":[{\"@type\":\"SearchAction\",\"target\":{\"@type\":\"EntryPoint\",\"urlTemplate\":\"https:\\\/\\\/centredeyoga-lyon-jean-mace.org\\\/?s={search_term_string}\"},\"query-input\":{\"@type\":\"PropertyValueSpecification\",\"valueRequired\":true,\"valueName\":\"search_term_string\"}}],\"inLanguage\":\"fr-FR\"},{\"@type\":\"Organization\",\"@id\":\"https:\\\/\\\/centredeyoga-lyon-jean-mace.org\\\/#organization\",\"name\":\"Centre de yoga Lyon Jean Mac\u00e9\",\"url\":\"https:\\\/\\\/centredeyoga-lyon-jean-mace.org\\\/\",\"logo\":{\"@type\":\"ImageObject\",\"inLanguage\":\"fr-FR\",\"@id\":\"https:\\\/\\\/centredeyoga-lyon-jean-mace.org\\\/#\\\/schema\\\/logo\\\/image\\\/\",\"url\":\"https:\\\/\\\/centredeyoga-lyon-jean-mace.org\\\/wp-content\\\/uploads\\\/2021\\\/06\\\/Logo-Centre-yoga-LJM-web.png\",\"contentUrl\":\"https:\\\/\\\/centredeyoga-lyon-jean-mace.org\\\/wp-content\\\/uploads\\\/2021\\\/06\\\/Logo-Centre-yoga-LJM-web.png\",\"width\":500,\"height\":520,\"caption\":\"Centre de yoga Lyon Jean Mac\u00e9\"},\"image\":{\"@id\":\"https:\\\/\\\/centredeyoga-lyon-jean-mace.org\\\/#\\\/schema\\\/logo\\\/image\\\/\"},\"sameAs\":[\"https:\\\/\\\/www.facebook.com\\\/CentredeYogaLyonJeanMace\",\"https:\\\/\\\/www.instagram.com\\\/centredeyogalyonjeanmace\\\/\"]}]}<\/script>\n<!-- \/ Yoast SEO plugin. -->","yoast_head_json":{"title":"Notre approche\u00a0: le Yoga de l\u2019IFY - Centre de Yoga Lyon Jean Mac\u00e9","description":"Le yoga de l'IFY (ou Institut fran\u00e7ais de yoga) utilise les 8 membres du yoga, tels que d\u00e9finis dans le Yoga sutra, texte de r\u00e9f\u00e9rence","robots":{"index":"index","follow":"follow","max-snippet":"max-snippet:-1","max-image-preview":"max-image-preview:large","max-video-preview":"max-video-preview:-1"},"canonical":"https:\/\/centredeyoga-lyon-jean-mace.org\/index.php\/le-yoga-pratique-et-effets\/yoga-ify\/","og_locale":"fr_FR","og_type":"article","og_title":"Notre approche\u00a0: le Yoga de l\u2019IFY - Centre de Yoga Lyon Jean Mac\u00e9","og_description":"Le yoga de l'IFY (ou Institut fran\u00e7ais de yoga) utilise les 8 membres du yoga, tels que d\u00e9finis dans le Yoga sutra, texte de r\u00e9f\u00e9rence","og_url":"https:\/\/centredeyoga-lyon-jean-mace.org\/index.php\/le-yoga-pratique-et-effets\/yoga-ify\/","og_site_name":"Centre de Yoga Lyon Jean Mac\u00e9","article_publisher":"https:\/\/www.facebook.com\/CentredeYogaLyonJeanMace","article_modified_time":"2026-01-28T14:11:46+00:00","og_image":[{"width":800,"height":383,"url":"https:\/\/centredeyoga-lyon-jean-mace.org\/wp-content\/uploads\/2023\/01\/Logo-IFY-horizontal-2023-petit.png","type":"image\/png"}],"twitter_card":"summary_large_image","twitter_misc":{"Dur\u00e9e de lecture estim\u00e9e":"4 minutes"},"schema":{"@context":"https:\/\/schema.org","@graph":[{"@type":"WebPage","@id":"https:\/\/centredeyoga-lyon-jean-mace.org\/index.php\/le-yoga-pratique-et-effets\/yoga-ify\/","url":"https:\/\/centredeyoga-lyon-jean-mace.org\/index.php\/le-yoga-pratique-et-effets\/yoga-ify\/","name":"Notre approche\u00a0: le Yoga de l\u2019IFY - Centre de Yoga Lyon Jean Mac\u00e9","isPartOf":{"@id":"https:\/\/centredeyoga-lyon-jean-mace.org\/#website"},"primaryImageOfPage":{"@id":"https:\/\/centredeyoga-lyon-jean-mace.org\/index.php\/le-yoga-pratique-et-effets\/yoga-ify\/#primaryimage"},"image":{"@id":"https:\/\/centredeyoga-lyon-jean-mace.org\/index.php\/le-yoga-pratique-et-effets\/yoga-ify\/#primaryimage"},"thumbnailUrl":"https:\/\/centredeyoga-lyon-jean-mace.org\/wp-content\/uploads\/2023\/01\/Logo-IFY-horizontal-2023-petit.png","datePublished":"2020-08-11T09:49:47+00:00","dateModified":"2026-01-28T14:11:46+00:00","description":"Le yoga de l'IFY (ou Institut fran\u00e7ais de yoga) utilise les 8 membres du yoga, tels que d\u00e9finis dans le Yoga sutra, texte de r\u00e9f\u00e9rence","breadcrumb":{"@id":"https:\/\/centredeyoga-lyon-jean-mace.org\/index.php\/le-yoga-pratique-et-effets\/yoga-ify\/#breadcrumb"},"inLanguage":"fr-FR","potentialAction":[{"@type":"ReadAction","target":["https:\/\/centredeyoga-lyon-jean-mace.org\/index.php\/le-yoga-pratique-et-effets\/yoga-ify\/"]}]},{"@type":"ImageObject","inLanguage":"fr-FR","@id":"https:\/\/centredeyoga-lyon-jean-mace.org\/index.php\/le-yoga-pratique-et-effets\/yoga-ify\/#primaryimage","url":"https:\/\/centredeyoga-lyon-jean-mace.org\/wp-content\/uploads\/2023\/01\/Logo-IFY-horizontal-2023-petit.png","contentUrl":"https:\/\/centredeyoga-lyon-jean-mace.org\/wp-content\/uploads\/2023\/01\/Logo-IFY-horizontal-2023-petit.png","width":800,"height":383},{"@type":"BreadcrumbList","@id":"https:\/\/centredeyoga-lyon-jean-mace.org\/index.php\/le-yoga-pratique-et-effets\/yoga-ify\/#breadcrumb","itemListElement":[{"@type":"ListItem","position":1,"name":"Accueil","item":"https:\/\/centredeyoga-lyon-jean-mace.org\/"},{"@type":"ListItem","position":2,"name":"La pratique du Yoga et ses effets","item":"https:\/\/centredeyoga-lyon-jean-mace.org\/index.php\/le-yoga-pratique-et-effets\/"},{"@type":"ListItem","position":3,"name":"Notre approche\u00a0: le Yoga de l\u2019IFY"}]},{"@type":"WebSite","@id":"https:\/\/centredeyoga-lyon-jean-mace.org\/#website","url":"https:\/\/centredeyoga-lyon-jean-mace.org\/","name":"Centre de yoga Lyon Jean Mac\u00e9","description":"Une salle de Yoga au coeur de Lyon","publisher":{"@id":"https:\/\/centredeyoga-lyon-jean-mace.org\/#organization"},"potentialAction":[{"@type":"SearchAction","target":{"@type":"EntryPoint","urlTemplate":"https:\/\/centredeyoga-lyon-jean-mace.org\/?s={search_term_string}"},"query-input":{"@type":"PropertyValueSpecification","valueRequired":true,"valueName":"search_term_string"}}],"inLanguage":"fr-FR"},{"@type":"Organization","@id":"https:\/\/centredeyoga-lyon-jean-mace.org\/#organization","name":"Centre de yoga Lyon Jean Mac\u00e9","url":"https:\/\/centredeyoga-lyon-jean-mace.org\/","logo":{"@type":"ImageObject","inLanguage":"fr-FR","@id":"https:\/\/centredeyoga-lyon-jean-mace.org\/#\/schema\/logo\/image\/","url":"https:\/\/centredeyoga-lyon-jean-mace.org\/wp-content\/uploads\/2021\/06\/Logo-Centre-yoga-LJM-web.png","contentUrl":"https:\/\/centredeyoga-lyon-jean-mace.org\/wp-content\/uploads\/2021\/06\/Logo-Centre-yoga-LJM-web.png","width":500,"height":520,"caption":"Centre de yoga Lyon Jean Mac\u00e9"},"image":{"@id":"https:\/\/centredeyoga-lyon-jean-mace.org\/#\/schema\/logo\/image\/"},"sameAs":["https:\/\/www.facebook.com\/CentredeYogaLyonJeanMace","https:\/\/www.instagram.com\/centredeyogalyonjeanmace\/"]}]}},"_links":{"self":[{"href":"https:\/\/centredeyoga-lyon-jean-mace.org\/index.php\/wp-json\/wp\/v2\/pages\/1042","targetHints":{"allow":["GET"]}}],"collection":[{"href":"https:\/\/centredeyoga-lyon-jean-mace.org\/index.php\/wp-json\/wp\/v2\/pages"}],"about":[{"href":"https:\/\/centredeyoga-lyon-jean-mace.org\/index.php\/wp-json\/wp\/v2\/types\/page"}],"author":[{"embeddable":true,"href":"https:\/\/centredeyoga-lyon-jean-mace.org\/index.php\/wp-json\/wp\/v2\/users\/3"}],"replies":[{"embeddable":true,"href":"https:\/\/centredeyoga-lyon-jean-mace.org\/index.php\/wp-json\/wp\/v2\/comments?post=1042"}],"version-history":[{"count":25,"href":"https:\/\/centredeyoga-lyon-jean-mace.org\/index.php\/wp-json\/wp\/v2\/pages\/1042\/revisions"}],"predecessor-version":[{"id":5179,"href":"https:\/\/centredeyoga-lyon-jean-mace.org\/index.php\/wp-json\/wp\/v2\/pages\/1042\/revisions\/5179"}],"up":[{"embeddable":true,"href":"https:\/\/centredeyoga-lyon-jean-mace.org\/index.php\/wp-json\/wp\/v2\/pages\/40"}],"wp:attachment":[{"href":"https:\/\/centredeyoga-lyon-jean-mace.org\/index.php\/wp-json\/wp\/v2\/media?parent=1042"}],"curies":[{"name":"wp","href":"https:\/\/api.w.org\/{rel}","templated":true}]}}