{"id":1731,"date":"2020-07-09T11:14:24","date_gmt":"2020-07-09T10:14:24","guid":{"rendered":"http:\/\/centredeyoga-lyon-jean-mace.org\/?page_id=1731"},"modified":"2025-11-23T11:03:45","modified_gmt":"2025-11-23T09:03:45","slug":"developpement-durable","status":"publish","type":"page","link":"https:\/\/centredeyoga-lyon-jean-mace.org\/index.php\/accueil-centre-de-yoga-lyon-jean-mace\/developpement-durable\/","title":{"rendered":"\u00c9thique : notre vision du d\u00e9veloppement durable"},"content":{"rendered":"\n<p>Soucieux de notre environnement et des valeurs centrales du yoga (respect de l&rsquo;autre, de soi, de son corps, mental, etc.), nous cherchons \u00e0<strong> am\u00e9liorer nos activit\u00e9s<\/strong> et \u00e0 <strong>r\u00e9duire nos impacts n\u00e9gatifs<\/strong> autour de nous. Pour cela, nous menons une r\u00e9flexion sur le d\u00e9veloppement durable.<\/p>\n\n\n\n<figure class=\"wp-block-image size-large is-style-rounded\"><img loading=\"lazy\" decoding=\"async\" width=\"800\" height=\"458\" src=\"http:\/\/centredeyoga-lyon-jean-mace.org\/wp-content\/uploads\/2020\/07\/noah-buscher-x8ZStukS2PM-unsplash.jpg\" alt=\"\" class=\"wp-image-1745\" srcset=\"https:\/\/centredeyoga-lyon-jean-mace.org\/wp-content\/uploads\/2020\/07\/noah-buscher-x8ZStukS2PM-unsplash.jpg 800w, https:\/\/centredeyoga-lyon-jean-mace.org\/wp-content\/uploads\/2020\/07\/noah-buscher-x8ZStukS2PM-unsplash-300x172.jpg 300w, https:\/\/centredeyoga-lyon-jean-mace.org\/wp-content\/uploads\/2020\/07\/noah-buscher-x8ZStukS2PM-unsplash-768x440.jpg 768w\" sizes=\"auto, (max-width: 800px) 100vw, 800px\" \/><\/figure>\n\n\n\n<p class=\"has-text-align-right has-small-font-size\"><em>Cr\u00e9dit photo <a href=\"https:\/\/unsplash.com\/@noahbuscher?utm_source=unsplash&amp;utm_medium=referral&amp;utm_content=creditCopyText\">Noah Buscher<\/a> sur <a href=\"https:\/\/unsplash.com\/s\/photos\/sustainable?utm_source=unsplash&amp;utm_medium=referral&amp;utm_content=creditCopyText\">Unsplash<\/a><\/em><\/p>\n\n\n\n<p>Le <strong>d\u00e9veloppement durable<\/strong> suppose que l&rsquo;activit\u00e9, aussi bien pour le\/la participant.e, pour le propri\u00e9taire que pour l&rsquo;enseignant.e, soit :<\/p>\n\n\n\n<ul class=\"wp-block-list\">\n<li><strong>socialement <\/strong>acceptable<\/li>\n\n\n\n<li><strong>\u00e9conomiquement <\/strong>viable<\/li>\n\n\n\n<li><strong>environnementalement <\/strong>supportable<\/li>\n<\/ul>\n\n\n\n<div class=\"wp-block-media-text alignwide is-stacked-on-mobile\" style=\"grid-template-columns:19% auto\"><figure class=\"wp-block-media-text__media\"><img loading=\"lazy\" decoding=\"async\" width=\"1024\" height=\"1024\" src=\"https:\/\/centredeyoga-lyon-jean-mace.org\/wp-content\/uploads\/2023\/11\/Sticker-caisse-Logo-web-2021-rond-1024x1024.png\" alt=\"\" class=\"wp-image-3611 size-full\"\/><\/figure><div class=\"wp-block-media-text__content\">\n<p class=\"has-normal-font-size\">Dans cette d\u00e9marche \u00e9thique globale, nous cherchons par exemple \u00e0 <strong>d\u00e9velopper l&rsquo;utilisation de <a href=\"https:\/\/www.lagonette.org\/\" target=\"_blank\" rel=\"noreferrer noopener\">la Gonette<\/a><\/strong>, la monnaie locale de Lyon et ses environs, au sein des intervenants <em>(m\u00eame si chaque intervenant reste ind\u00e9pendant dans sa gestion comptable et peut donc souhaiter ne pas y participer)<\/em>.<\/p>\n<\/div><\/div>\n\n\n\n<h3 class=\"wp-block-heading\">Notre d\u00e9marche sociale : un lieu d&rsquo;enseignement<\/h3>\n\n\n\n<p>Le yoga s&rsquo;adapte \u00e0 chacun.e : nous cherchons ensemble les pratiques qui peuvent vous correspondre et vous apportent un bienfait physique et\/ou psychologique. Nous sommes oppos\u00e9s \u00e0 toute forme de discrimination ou \u00e0 toute action qui pourrait nuire \u00e0 un individu.<\/p>\n\n\n\n<p>Dans les cours de groupe ou individuels, nous portons donc une attention \u00e0 v\u00e9rifier que chacun.e puisse pratiquer dans le respect de ses convictions, de sa culture, en fonction de ses capacit\u00e9s et conditions physiques et psychologiques et dans un objectif d&rsquo;autonomie et de libert\u00e9.<br>Les enseignant.e.s de yoga sont affili\u00e9.e.s \u00e0 l&rsquo;IFY et s&rsquo;engagent \u00e0 respecter sa charte de d\u00e9ontologie, telle que pr\u00e9sent\u00e9e <a href=\"https:\/\/www.ify.fr\/la-demarche\/\" target=\"_blank\" rel=\"noreferrer noopener\">en bas de cette page<\/a>.<\/p>\n\n\n\n<div class=\"wp-block-columns is-layout-flex wp-container-core-columns-is-layout-9d6595d7 wp-block-columns-is-layout-flex\">\n<div class=\"wp-block-column is-layout-flow wp-block-column-is-layout-flow\" style=\"flex-basis:33.33%\">\n<figure class=\"wp-block-image size-large\"><img loading=\"lazy\" decoding=\"async\" width=\"690\" height=\"1024\" src=\"https:\/\/centredeyoga-lyon-jean-mace.org\/wp-content\/uploads\/2025\/10\/Tableau-Ganesh-690x1024.jpg\" alt=\"\" class=\"wp-image-4748\" srcset=\"https:\/\/centredeyoga-lyon-jean-mace.org\/wp-content\/uploads\/2025\/10\/Tableau-Ganesh-690x1024.jpg 690w, https:\/\/centredeyoga-lyon-jean-mace.org\/wp-content\/uploads\/2025\/10\/Tableau-Ganesh-202x300.jpg 202w, https:\/\/centredeyoga-lyon-jean-mace.org\/wp-content\/uploads\/2025\/10\/Tableau-Ganesh-768x1140.jpg 768w, https:\/\/centredeyoga-lyon-jean-mace.org\/wp-content\/uploads\/2025\/10\/Tableau-Ganesh-1035x1536.jpg 1035w, https:\/\/centredeyoga-lyon-jean-mace.org\/wp-content\/uploads\/2025\/10\/Tableau-Ganesh-1380x2048.jpg 1380w, https:\/\/centredeyoga-lyon-jean-mace.org\/wp-content\/uploads\/2025\/10\/Tableau-Ganesh-scaled.jpg 1725w\" sizes=\"auto, (max-width: 690px) 100vw, 690px\" \/><\/figure>\n<\/div>\n\n\n\n<div class=\"wp-block-column is-layout-flow wp-block-column-is-layout-flow\" style=\"flex-basis:66.66%\">\n<h5 class=\"wp-block-heading\">L&rsquo;importance de l&rsquo;enseignement<\/h5>\n\n\n\n<p>Notre souhait est que le Centre soit un lieu de transmission et d&rsquo;enseignement. Pour nous faire un rappel  quotidien, nous avons accroch\u00e9 un <strong>petit tableau de Ganesh<\/strong>, qui est le dieu de la sagesse, de l\u2019intelligence, de l\u2019\u00e9ducation et de la prudence, le patron des \u00e9coles et des travailleurs du savoir&#8230;<\/p>\n\n\n\n<p>C&rsquo;est aussi un petit clin d\u2019\u0153il \u00e0 l&rsquo;Inde, terre de naissance du <a href=\"https:\/\/centredeyoga-lyon-jean-mace.org\/index.php\/le-yoga\/\">yoga<\/a>.<\/p>\n<\/div>\n<\/div>\n\n\n\n<h3 class=\"wp-block-heading\">Notre d\u00e9marche \u00e9conomique : un prix juste<\/h3>\n\n\n\n<p>Notre r\u00e9flexion se base sur la mise en place d&rsquo;un prix juste, qui permet \u00e0 la fois au\/\u00e0 la participant.e de suivre une activit\u00e9 qui lui convient, \u00e0 l&rsquo;enseignant.e de vivre du transfert de son savoir-faire et de ses comp\u00e9tences et au Centre de Yoga de se maintenir durablement. <em>Pour information, la salle est priv\u00e9e (m\u00eame si les intervenants sont regroup\u00e9s en association) et nous n&rsquo;avons droit \u00e0 aucune subvention pour son fonctionnement.<\/em><\/p>\n\n\n\n<p>Nous cherchons ainsi un \u00e9change \u00ab\u00a0gagnant-gagnant\u00a0\u00bb avec un prix qui soit juste pour tout le monde.<\/p>\n\n\n\n<h3 class=\"wp-block-heading\">Notre d\u00e9marche environnementale : un \u00e9quilibre de nos consommations<\/h3>\n\n\n\n<p>Nous cherchons \u00e0 r\u00e9duire notre empreinte carbone \u00e0 travers diff\u00e9rentes d\u00e9marches :<\/p>\n\n\n\n<ul class=\"wp-block-list\">\n<li>R\u00e9duction et tri des d\u00e9chets (choix de fournitures avec peu, voire pas d&#8217;emballage, tri s\u00e9lectif)<\/li>\n\n\n\n<li>Suppression des produits chimiques (choix de fournitures \u00e9cologiques)<\/li>\n\n\n\n<li>Limitation d&rsquo;utilisation des ressources p\u00e9troli\u00e8res (trajets r\u00e9duits, achats des fournitures dans des magasins locaux)<\/li>\n\n\n\n<li>Rationalisation des \u00e9nergies (fournisseurs locaux et \u00e9thiques : <a aria-label=\"undefined (s\u2019ouvre dans un nouvel onglet)\" href=\"https:\/\/www.enercoop.fr\/\" target=\"_blank\" rel=\"noreferrer noopener\">Enercoop<\/a> pour l&rsquo;\u00e9lectricit\u00e9 et <a aria-label=\"undefined (s\u2019ouvre dans un nouvel onglet)\" href=\"https:\/\/ekwateur.fr\/\" target=\"_blank\" rel=\"noreferrer noopener\">ekWateur<\/a> pour le chauffage par gaz &#8211; biom\u00e9thane)<\/li>\n\n\n\n<li>Installation de vitrines \u00e0 forte isolation pour une meilleure \u00e9conomie d&rsquo;\u00e9nergie et un meilleur confort thermique et acoustique<\/li>\n\n\n\n<li>Rafra\u00eechissement de la salle en \u00e9t\u00e9 par un rafra\u00eechisseur d\u2019air par \u00e9vaporation <em>plut\u00f4t que par climatisation (gain en consommation d&rsquo;\u00e9nergie)<\/em><\/li>\n<\/ul>\n\n\n\n<div class=\"wp-block-columns is-layout-flex wp-container-core-columns-is-layout-9d6595d7 wp-block-columns-is-layout-flex\">\n<div class=\"wp-block-column is-layout-flow wp-block-column-is-layout-flow\">\n<div class=\"wp-block-media-text alignwide is-stacked-on-mobile\"><figure class=\"wp-block-media-text__media\"><a href=\"https:\/\/www.enercoop.fr\/\" target=\"_blank\" rel=\"noreferrer noopener\"><img loading=\"lazy\" decoding=\"async\" width=\"1024\" height=\"352\" src=\"https:\/\/centredeyoga-lyon-jean-mace.org\/wp-content\/uploads\/2023\/04\/1280px-Logo_Enercoop.svg-1024x352.png\" alt=\"\" class=\"wp-image-3258 size-full\" srcset=\"https:\/\/centredeyoga-lyon-jean-mace.org\/wp-content\/uploads\/2023\/04\/1280px-Logo_Enercoop.svg-1024x352.png 1024w, https:\/\/centredeyoga-lyon-jean-mace.org\/wp-content\/uploads\/2023\/04\/1280px-Logo_Enercoop.svg-300x103.png 300w, https:\/\/centredeyoga-lyon-jean-mace.org\/wp-content\/uploads\/2023\/04\/1280px-Logo_Enercoop.svg-768x264.png 768w, https:\/\/centredeyoga-lyon-jean-mace.org\/wp-content\/uploads\/2023\/04\/1280px-Logo_Enercoop.svg.png 1280w\" sizes=\"auto, (max-width: 1024px) 100vw, 1024px\" \/><\/a><\/figure><div class=\"wp-block-media-text__content\">\n<p>pour notre \u00e9lectricit\u00e9<\/p>\n<\/div><\/div>\n<\/div>\n\n\n\n<div class=\"wp-block-column is-layout-flow wp-block-column-is-layout-flow\">\n<div class=\"wp-block-media-text alignwide is-stacked-on-mobile\"><figure class=\"wp-block-media-text__media\"><a href=\"https:\/\/ekwateur.fr\/\" target=\"_blank\" rel=\"noreferrer noopener\"><img loading=\"lazy\" decoding=\"async\" width=\"600\" height=\"118\" src=\"https:\/\/centredeyoga-lyon-jean-mace.org\/wp-content\/uploads\/2023\/04\/ekWateur.png\" alt=\"\" class=\"wp-image-3259 size-full\" srcset=\"https:\/\/centredeyoga-lyon-jean-mace.org\/wp-content\/uploads\/2023\/04\/ekWateur.png 600w, https:\/\/centredeyoga-lyon-jean-mace.org\/wp-content\/uploads\/2023\/04\/ekWateur-300x59.png 300w\" sizes=\"auto, (max-width: 600px) 100vw, 600px\" \/><\/a><\/figure><div class=\"wp-block-media-text__content\">\n<p>pour notre gaz (biom\u00e9thane)<\/p>\n<\/div><\/div>\n<\/div>\n<\/div>\n\n\n\n<p><\/p>\n\n\n\n<h5 class=\"wp-block-heading\">Une salle r\u00e9nov\u00e9e et optimis\u00e9e<\/h5>\n\n\n\n<p><strong>De gros travaux ont eu lieu<\/strong> pendant l&rsquo;\u00e9t\u00e9 2023, pour poursuivre cette d\u00e9marche :<\/p>\n\n\n\n<ul class=\"wp-block-list\">\n<li>Installation d&rsquo;une nouvelle chaudi\u00e8re gaz &#8211; biom\u00e9thane (chauffage par le sol), programmable pour diminuer les consommations d\u2019\u00e9nergie<\/li>\n\n\n\n<li>Compl\u00e9ment d&rsquo;isolation des fen\u00eatres et murs donnant vers l&rsquo;ext\u00e9rieur<\/li>\n\n\n\n<li>Modification de l&rsquo;\u00e9clairage pour passer \u00e0 100% \u00ab\u00a0basse consommation\u00a0\u00bb<\/li>\n\n\n\n<li>Utilisation de mat\u00e9riaux soit directement \u00e9cologiques, soit recyclables, soit r\u00e9sistants dans le temps<\/li>\n<\/ul>\n\n\n\n<p>Ci-dessous le projet pr\u00e9sent\u00e9 lors de la campagne de <a href=\"https:\/\/fr.ulule.com\/centre-de-yoga-lyon-jean-mace\/\">financement participatif sur Ulule<\/a>.<\/p>\n\n\n\n<figure class=\"wp-block-embed is-type-video is-provider-youtube wp-block-embed-youtube wp-embed-aspect-16-9 wp-has-aspect-ratio\"><div class=\"wp-block-embed__wrapper\">\n<iframe loading=\"lazy\" title=\"Vid\u00e9o pr\u00e9sentation Ulule\" width=\"1000\" height=\"563\" src=\"https:\/\/www.youtube.com\/embed\/NkxWgwSuLpU?feature=oembed\" frameborder=\"0\" allow=\"accelerometer; autoplay; clipboard-write; encrypted-media; gyroscope; picture-in-picture; web-share\" referrerpolicy=\"strict-origin-when-cross-origin\" allowfullscreen><\/iframe>\n<\/div><\/figure>\n\n\n\n<div class=\"wp-block-buttons is-horizontal is-content-justification-center is-layout-flex wp-container-core-buttons-is-layout-499968f5 wp-block-buttons-is-layout-flex\">\n<div class=\"wp-block-button\"><a class=\"wp-block-button__link has-white-color has-luminous-vivid-amber-to-luminous-vivid-orange-gradient-background has-text-color has-background wp-element-button\" href=\"http:\/\/centredeyoga-lyon-jean-mace.org\/index.php\/le-yoga\/\"><mark style=\"background-color:rgba(0, 0, 0, 0)\" class=\"has-inline-color has-white-color\"> <strong>Qu&rsquo;est-ce que le Yoga?<\/strong> <\/mark><\/a><\/div>\n\n\n\n<div class=\"wp-block-button\"><a class=\"wp-block-button__link has-white-color has-luminous-vivid-amber-to-luminous-vivid-orange-gradient-background has-text-color has-background wp-element-button\" href=\"https:\/\/centredeyoga-lyon-jean-mace.org\/index.php\/cours\/cours-hebdomadaires-yoga-pilates-sophrologie-lyon-7\/\"><strong>S&rsquo;inscrire? Faire un cours d&rsquo;essai?<\/strong><\/a><\/div>\n<\/div>\n\n\n\n<p><\/p>\n","protected":false},"excerpt":{"rendered":"<p>Soucieux de notre environnement et des valeurs centrales du yoga (respect de l&rsquo;autre, de soi, de son corps, mental, etc.), nous cherchons \u00e0 am\u00e9liorer nos activit\u00e9s et \u00e0 r\u00e9duire nos impacts n\u00e9gatifs autour de nous. Pour cela, nous menons une r\u00e9flexion sur le d\u00e9veloppement durable. Cr\u00e9dit photo Noah Buscher sur Unsplash Le d\u00e9veloppement durable suppose [&hellip;]<\/p>\n","protected":false},"author":3,"featured_media":0,"parent":4,"menu_order":0,"comment_status":"closed","ping_status":"closed","template":"","meta":{"_monsterinsights_skip_tracking":false,"_monsterinsights_sitenote_active":false,"_monsterinsights_sitenote_note":"","_monsterinsights_sitenote_category":0,"footnotes":""},"class_list":["post-1731","page","type-page","status-publish","hentry","clear"],"yoast_head":"<!-- This site is optimized with the Yoast SEO plugin v27.4 - https:\/\/yoast.com\/product\/yoast-seo-wordpress\/ -->\n<title>D\u00e9veloppement durable - Centre de Yoga Lyon Jean Mac\u00e9<\/title>\n<meta name=\"description\" content=\"Soucieux de notre environnement et des valeurs du yoga, nous cherchons \u00e0 am\u00e9liorer nos activit\u00e9s et \u00e0 installer un d\u00e9veloppement durable\" \/>\n<meta name=\"robots\" content=\"index, follow, max-snippet:-1, max-image-preview:large, max-video-preview:-1\" \/>\n<link rel=\"canonical\" href=\"https:\/\/centredeyoga-lyon-jean-mace.org\/index.php\/accueil-centre-de-yoga-lyon-jean-mace\/developpement-durable\/\" \/>\n<meta property=\"og:locale\" content=\"fr_FR\" \/>\n<meta property=\"og:type\" content=\"article\" \/>\n<meta property=\"og:title\" content=\"D\u00e9veloppement durable - Centre de Yoga Lyon Jean Mac\u00e9\" \/>\n<meta property=\"og:description\" content=\"Soucieux de notre environnement et des valeurs du yoga, nous cherchons \u00e0 am\u00e9liorer nos activit\u00e9s et \u00e0 installer un d\u00e9veloppement durable\" \/>\n<meta property=\"og:url\" content=\"https:\/\/centredeyoga-lyon-jean-mace.org\/index.php\/accueil-centre-de-yoga-lyon-jean-mace\/developpement-durable\/\" \/>\n<meta property=\"og:site_name\" content=\"Centre de Yoga Lyon Jean Mac\u00e9\" \/>\n<meta property=\"article:publisher\" content=\"https:\/\/www.facebook.com\/CentredeYogaLyonJeanMace\" \/>\n<meta property=\"article:modified_time\" content=\"2025-11-23T09:03:45+00:00\" \/>\n<meta property=\"og:image\" content=\"https:\/\/centredeyoga-lyon-jean-mace.org\/wp-content\/uploads\/2020\/07\/noah-buscher-x8ZStukS2PM-unsplash.jpg\" \/>\n\t<meta property=\"og:image:width\" content=\"800\" \/>\n\t<meta property=\"og:image:height\" content=\"458\" \/>\n\t<meta property=\"og:image:type\" content=\"image\/jpeg\" \/>\n<meta name=\"twitter:card\" content=\"summary_large_image\" \/>\n<meta name=\"twitter:label1\" content=\"Dur\u00e9e de lecture estim\u00e9e\" \/>\n\t<meta name=\"twitter:data1\" content=\"5 minutes\" \/>\n<script type=\"application\/ld+json\" class=\"yoast-schema-graph\">{\"@context\":\"https:\\\/\\\/schema.org\",\"@graph\":[{\"@type\":\"WebPage\",\"@id\":\"https:\\\/\\\/centredeyoga-lyon-jean-mace.org\\\/index.php\\\/accueil-centre-de-yoga-lyon-jean-mace\\\/developpement-durable\\\/\",\"url\":\"https:\\\/\\\/centredeyoga-lyon-jean-mace.org\\\/index.php\\\/accueil-centre-de-yoga-lyon-jean-mace\\\/developpement-durable\\\/\",\"name\":\"D\u00e9veloppement durable - Centre de Yoga Lyon Jean Mac\u00e9\",\"isPartOf\":{\"@id\":\"https:\\\/\\\/centredeyoga-lyon-jean-mace.org\\\/#website\"},\"primaryImageOfPage\":{\"@id\":\"https:\\\/\\\/centredeyoga-lyon-jean-mace.org\\\/index.php\\\/accueil-centre-de-yoga-lyon-jean-mace\\\/developpement-durable\\\/#primaryimage\"},\"image\":{\"@id\":\"https:\\\/\\\/centredeyoga-lyon-jean-mace.org\\\/index.php\\\/accueil-centre-de-yoga-lyon-jean-mace\\\/developpement-durable\\\/#primaryimage\"},\"thumbnailUrl\":\"http:\\\/\\\/centredeyoga-lyon-jean-mace.org\\\/wp-content\\\/uploads\\\/2020\\\/07\\\/noah-buscher-x8ZStukS2PM-unsplash.jpg\",\"datePublished\":\"2020-07-09T10:14:24+00:00\",\"dateModified\":\"2025-11-23T09:03:45+00:00\",\"description\":\"Soucieux de notre environnement et des valeurs du yoga, nous cherchons \u00e0 am\u00e9liorer nos activit\u00e9s et \u00e0 installer un d\u00e9veloppement durable\",\"breadcrumb\":{\"@id\":\"https:\\\/\\\/centredeyoga-lyon-jean-mace.org\\\/index.php\\\/accueil-centre-de-yoga-lyon-jean-mace\\\/developpement-durable\\\/#breadcrumb\"},\"inLanguage\":\"fr-FR\",\"potentialAction\":[{\"@type\":\"ReadAction\",\"target\":[\"https:\\\/\\\/centredeyoga-lyon-jean-mace.org\\\/index.php\\\/accueil-centre-de-yoga-lyon-jean-mace\\\/developpement-durable\\\/\"]}]},{\"@type\":\"ImageObject\",\"inLanguage\":\"fr-FR\",\"@id\":\"https:\\\/\\\/centredeyoga-lyon-jean-mace.org\\\/index.php\\\/accueil-centre-de-yoga-lyon-jean-mace\\\/developpement-durable\\\/#primaryimage\",\"url\":\"http:\\\/\\\/centredeyoga-lyon-jean-mace.org\\\/wp-content\\\/uploads\\\/2020\\\/07\\\/noah-buscher-x8ZStukS2PM-unsplash.jpg\",\"contentUrl\":\"http:\\\/\\\/centredeyoga-lyon-jean-mace.org\\\/wp-content\\\/uploads\\\/2020\\\/07\\\/noah-buscher-x8ZStukS2PM-unsplash.jpg\"},{\"@type\":\"BreadcrumbList\",\"@id\":\"https:\\\/\\\/centredeyoga-lyon-jean-mace.org\\\/index.php\\\/accueil-centre-de-yoga-lyon-jean-mace\\\/developpement-durable\\\/#breadcrumb\",\"itemListElement\":[{\"@type\":\"ListItem\",\"position\":1,\"name\":\"Accueil\",\"item\":\"https:\\\/\\\/centredeyoga-lyon-jean-mace.org\\\/\"},{\"@type\":\"ListItem\",\"position\":2,\"name\":\"Accueil\",\"item\":\"https:\\\/\\\/centredeyoga-lyon-jean-mace.org\\\/\"},{\"@type\":\"ListItem\",\"position\":3,\"name\":\"\u00c9thique : notre vision du d\u00e9veloppement durable\"}]},{\"@type\":\"WebSite\",\"@id\":\"https:\\\/\\\/centredeyoga-lyon-jean-mace.org\\\/#website\",\"url\":\"https:\\\/\\\/centredeyoga-lyon-jean-mace.org\\\/\",\"name\":\"Centre de yoga Lyon Jean Mac\u00e9\",\"description\":\"Une salle de Yoga au coeur de Lyon\",\"publisher\":{\"@id\":\"https:\\\/\\\/centredeyoga-lyon-jean-mace.org\\\/#organization\"},\"potentialAction\":[{\"@type\":\"SearchAction\",\"target\":{\"@type\":\"EntryPoint\",\"urlTemplate\":\"https:\\\/\\\/centredeyoga-lyon-jean-mace.org\\\/?s={search_term_string}\"},\"query-input\":{\"@type\":\"PropertyValueSpecification\",\"valueRequired\":true,\"valueName\":\"search_term_string\"}}],\"inLanguage\":\"fr-FR\"},{\"@type\":\"Organization\",\"@id\":\"https:\\\/\\\/centredeyoga-lyon-jean-mace.org\\\/#organization\",\"name\":\"Centre de yoga Lyon Jean Mac\u00e9\",\"url\":\"https:\\\/\\\/centredeyoga-lyon-jean-mace.org\\\/\",\"logo\":{\"@type\":\"ImageObject\",\"inLanguage\":\"fr-FR\",\"@id\":\"https:\\\/\\\/centredeyoga-lyon-jean-mace.org\\\/#\\\/schema\\\/logo\\\/image\\\/\",\"url\":\"https:\\\/\\\/centredeyoga-lyon-jean-mace.org\\\/wp-content\\\/uploads\\\/2021\\\/06\\\/Logo-Centre-yoga-LJM-web.png\",\"contentUrl\":\"https:\\\/\\\/centredeyoga-lyon-jean-mace.org\\\/wp-content\\\/uploads\\\/2021\\\/06\\\/Logo-Centre-yoga-LJM-web.png\",\"width\":500,\"height\":520,\"caption\":\"Centre de yoga Lyon Jean Mac\u00e9\"},\"image\":{\"@id\":\"https:\\\/\\\/centredeyoga-lyon-jean-mace.org\\\/#\\\/schema\\\/logo\\\/image\\\/\"},\"sameAs\":[\"https:\\\/\\\/www.facebook.com\\\/CentredeYogaLyonJeanMace\",\"https:\\\/\\\/www.instagram.com\\\/centredeyogalyonjeanmace\\\/\"]}]}<\/script>\n<!-- \/ Yoast SEO plugin. -->","yoast_head_json":{"title":"D\u00e9veloppement durable - Centre de Yoga Lyon Jean Mac\u00e9","description":"Soucieux de notre environnement et des valeurs du yoga, nous cherchons \u00e0 am\u00e9liorer nos activit\u00e9s et \u00e0 installer un d\u00e9veloppement durable","robots":{"index":"index","follow":"follow","max-snippet":"max-snippet:-1","max-image-preview":"max-image-preview:large","max-video-preview":"max-video-preview:-1"},"canonical":"https:\/\/centredeyoga-lyon-jean-mace.org\/index.php\/accueil-centre-de-yoga-lyon-jean-mace\/developpement-durable\/","og_locale":"fr_FR","og_type":"article","og_title":"D\u00e9veloppement durable - Centre de Yoga Lyon Jean Mac\u00e9","og_description":"Soucieux de notre environnement et des valeurs du yoga, nous cherchons \u00e0 am\u00e9liorer nos activit\u00e9s et \u00e0 installer un d\u00e9veloppement durable","og_url":"https:\/\/centredeyoga-lyon-jean-mace.org\/index.php\/accueil-centre-de-yoga-lyon-jean-mace\/developpement-durable\/","og_site_name":"Centre de Yoga Lyon Jean Mac\u00e9","article_publisher":"https:\/\/www.facebook.com\/CentredeYogaLyonJeanMace","article_modified_time":"2025-11-23T09:03:45+00:00","og_image":[{"width":800,"height":458,"url":"https:\/\/centredeyoga-lyon-jean-mace.org\/wp-content\/uploads\/2020\/07\/noah-buscher-x8ZStukS2PM-unsplash.jpg","type":"image\/jpeg"}],"twitter_card":"summary_large_image","twitter_misc":{"Dur\u00e9e de lecture estim\u00e9e":"5 minutes"},"schema":{"@context":"https:\/\/schema.org","@graph":[{"@type":"WebPage","@id":"https:\/\/centredeyoga-lyon-jean-mace.org\/index.php\/accueil-centre-de-yoga-lyon-jean-mace\/developpement-durable\/","url":"https:\/\/centredeyoga-lyon-jean-mace.org\/index.php\/accueil-centre-de-yoga-lyon-jean-mace\/developpement-durable\/","name":"D\u00e9veloppement durable - Centre de Yoga Lyon Jean Mac\u00e9","isPartOf":{"@id":"https:\/\/centredeyoga-lyon-jean-mace.org\/#website"},"primaryImageOfPage":{"@id":"https:\/\/centredeyoga-lyon-jean-mace.org\/index.php\/accueil-centre-de-yoga-lyon-jean-mace\/developpement-durable\/#primaryimage"},"image":{"@id":"https:\/\/centredeyoga-lyon-jean-mace.org\/index.php\/accueil-centre-de-yoga-lyon-jean-mace\/developpement-durable\/#primaryimage"},"thumbnailUrl":"http:\/\/centredeyoga-lyon-jean-mace.org\/wp-content\/uploads\/2020\/07\/noah-buscher-x8ZStukS2PM-unsplash.jpg","datePublished":"2020-07-09T10:14:24+00:00","dateModified":"2025-11-23T09:03:45+00:00","description":"Soucieux de notre environnement et des valeurs du yoga, nous cherchons \u00e0 am\u00e9liorer nos activit\u00e9s et \u00e0 installer un d\u00e9veloppement durable","breadcrumb":{"@id":"https:\/\/centredeyoga-lyon-jean-mace.org\/index.php\/accueil-centre-de-yoga-lyon-jean-mace\/developpement-durable\/#breadcrumb"},"inLanguage":"fr-FR","potentialAction":[{"@type":"ReadAction","target":["https:\/\/centredeyoga-lyon-jean-mace.org\/index.php\/accueil-centre-de-yoga-lyon-jean-mace\/developpement-durable\/"]}]},{"@type":"ImageObject","inLanguage":"fr-FR","@id":"https:\/\/centredeyoga-lyon-jean-mace.org\/index.php\/accueil-centre-de-yoga-lyon-jean-mace\/developpement-durable\/#primaryimage","url":"http:\/\/centredeyoga-lyon-jean-mace.org\/wp-content\/uploads\/2020\/07\/noah-buscher-x8ZStukS2PM-unsplash.jpg","contentUrl":"http:\/\/centredeyoga-lyon-jean-mace.org\/wp-content\/uploads\/2020\/07\/noah-buscher-x8ZStukS2PM-unsplash.jpg"},{"@type":"BreadcrumbList","@id":"https:\/\/centredeyoga-lyon-jean-mace.org\/index.php\/accueil-centre-de-yoga-lyon-jean-mace\/developpement-durable\/#breadcrumb","itemListElement":[{"@type":"ListItem","position":1,"name":"Accueil","item":"https:\/\/centredeyoga-lyon-jean-mace.org\/"},{"@type":"ListItem","position":2,"name":"Accueil","item":"https:\/\/centredeyoga-lyon-jean-mace.org\/"},{"@type":"ListItem","position":3,"name":"\u00c9thique : notre vision du d\u00e9veloppement durable"}]},{"@type":"WebSite","@id":"https:\/\/centredeyoga-lyon-jean-mace.org\/#website","url":"https:\/\/centredeyoga-lyon-jean-mace.org\/","name":"Centre de yoga Lyon Jean Mac\u00e9","description":"Une salle de Yoga au coeur de Lyon","publisher":{"@id":"https:\/\/centredeyoga-lyon-jean-mace.org\/#organization"},"potentialAction":[{"@type":"SearchAction","target":{"@type":"EntryPoint","urlTemplate":"https:\/\/centredeyoga-lyon-jean-mace.org\/?s={search_term_string}"},"query-input":{"@type":"PropertyValueSpecification","valueRequired":true,"valueName":"search_term_string"}}],"inLanguage":"fr-FR"},{"@type":"Organization","@id":"https:\/\/centredeyoga-lyon-jean-mace.org\/#organization","name":"Centre de yoga Lyon Jean Mac\u00e9","url":"https:\/\/centredeyoga-lyon-jean-mace.org\/","logo":{"@type":"ImageObject","inLanguage":"fr-FR","@id":"https:\/\/centredeyoga-lyon-jean-mace.org\/#\/schema\/logo\/image\/","url":"https:\/\/centredeyoga-lyon-jean-mace.org\/wp-content\/uploads\/2021\/06\/Logo-Centre-yoga-LJM-web.png","contentUrl":"https:\/\/centredeyoga-lyon-jean-mace.org\/wp-content\/uploads\/2021\/06\/Logo-Centre-yoga-LJM-web.png","width":500,"height":520,"caption":"Centre de yoga Lyon Jean Mac\u00e9"},"image":{"@id":"https:\/\/centredeyoga-lyon-jean-mace.org\/#\/schema\/logo\/image\/"},"sameAs":["https:\/\/www.facebook.com\/CentredeYogaLyonJeanMace","https:\/\/www.instagram.com\/centredeyogalyonjeanmace\/"]}]}},"_links":{"self":[{"href":"https:\/\/centredeyoga-lyon-jean-mace.org\/index.php\/wp-json\/wp\/v2\/pages\/1731","targetHints":{"allow":["GET"]}}],"collection":[{"href":"https:\/\/centredeyoga-lyon-jean-mace.org\/index.php\/wp-json\/wp\/v2\/pages"}],"about":[{"href":"https:\/\/centredeyoga-lyon-jean-mace.org\/index.php\/wp-json\/wp\/v2\/types\/page"}],"author":[{"embeddable":true,"href":"https:\/\/centredeyoga-lyon-jean-mace.org\/index.php\/wp-json\/wp\/v2\/users\/3"}],"replies":[{"embeddable":true,"href":"https:\/\/centredeyoga-lyon-jean-mace.org\/index.php\/wp-json\/wp\/v2\/comments?post=1731"}],"version-history":[{"count":15,"href":"https:\/\/centredeyoga-lyon-jean-mace.org\/index.php\/wp-json\/wp\/v2\/pages\/1731\/revisions"}],"predecessor-version":[{"id":4953,"href":"https:\/\/centredeyoga-lyon-jean-mace.org\/index.php\/wp-json\/wp\/v2\/pages\/1731\/revisions\/4953"}],"up":[{"embeddable":true,"href":"https:\/\/centredeyoga-lyon-jean-mace.org\/index.php\/wp-json\/wp\/v2\/pages\/4"}],"wp:attachment":[{"href":"https:\/\/centredeyoga-lyon-jean-mace.org\/index.php\/wp-json\/wp\/v2\/media?parent=1731"}],"curies":[{"name":"wp","href":"https:\/\/api.w.org\/{rel}","templated":true}]}}