{"id":1769,"date":"2020-07-13T12:11:01","date_gmt":"2020-07-13T11:11:01","guid":{"rendered":"http:\/\/centredeyoga-lyon-jean-mace.org\/?page_id=1769"},"modified":"2025-11-23T11:02:02","modified_gmt":"2025-11-23T09:02:02","slug":"histoire-de-la-salle","status":"publish","type":"page","link":"https:\/\/centredeyoga-lyon-jean-mace.org\/index.php\/accueil-centre-de-yoga-lyon-jean-mace\/histoire-de-la-salle\/","title":{"rendered":"L&rsquo;histoire du Centre"},"content":{"rendered":"\n<h2 class=\"wp-block-heading\">Naissance de la salle, il y a plus de 20 ans&#8230;<\/h2>\n\n\n\n<figure class=\"wp-block-image size-large\"><img loading=\"lazy\" decoding=\"async\" width=\"1024\" height=\"536\" src=\"https:\/\/centredeyoga-lyon-jean-mace.org\/wp-content\/uploads\/2023\/11\/Salle-Ancien-1024x536.png\" alt=\"\" class=\"wp-image-3547\" srcset=\"https:\/\/centredeyoga-lyon-jean-mace.org\/wp-content\/uploads\/2023\/11\/Salle-Ancien-1024x536.png 1024w, https:\/\/centredeyoga-lyon-jean-mace.org\/wp-content\/uploads\/2023\/11\/Salle-Ancien-300x157.png 300w, https:\/\/centredeyoga-lyon-jean-mace.org\/wp-content\/uploads\/2023\/11\/Salle-Ancien-768x402.png 768w, https:\/\/centredeyoga-lyon-jean-mace.org\/wp-content\/uploads\/2023\/11\/Salle-Ancien-1536x805.png 1536w, https:\/\/centredeyoga-lyon-jean-mace.org\/wp-content\/uploads\/2023\/11\/Salle-Ancien-2048x1073.png 2048w\" sizes=\"auto, (max-width: 1024px) 100vw, 1024px\" \/><\/figure>\n\n\n\n<p><strong>Un mot de la cr\u00e9atrice du Centre : <\/strong><br>\u00ab\u00a0Depuis ma rencontre avec le Yoga, au d\u00e9but des ann\u00e9es 1990, celui-ci a pris une place de plus en plus importante dans ma vie. Il est devenu ma profession principale en 2003, en parall\u00e8le avec la naturopathie.<\/p>\n\n\n\n<p>En 2005, j\u2019ai ouvert ma salle de Yoga au 13 rue Camille Roy : le Yoga est int\u00e9gr\u00e9 dans ma vie, il la nourrit, il est un support solide dans les moments difficiles. L\u2019enseigner est un vrai bonheur.<br>Depuis la rentr\u00e9e 2016, cette salle est \u00ab\u00a0habit\u00e9e\u00a0\u00bb par un groupe de professeurs et c\u2019est pour moi une grande joie de la partager avec eux pour co-animer ce Centre de Yoga Lyon Jean Mac\u00e9.<br>Depuis 2019, sous l\u2019impulsion de Laurent, il s\u2019embellit avec des id\u00e9es neuves. Je suis tr\u00e8s heureuse de continuer \u00e0 enseigner ici et de faire partie de cette \u00e9quipe.\u00a0\u00bb<\/p>\n\n\n\n<p class=\"has-text-align-right\"><a href=\"http:\/\/centredeyoga-lyon-jean-mace.org\/index.php\/intervenants\/odette-bissardon\/\">Odette Bissardon<\/a><br>Cr\u00e9atrice du Centre et gestionnaire jusqu\u2019\u00e0 l&rsquo;\u00e9t\u00e9 2019<\/p>\n\n\n\n<h2 class=\"wp-block-heading\">La transmission dans la continuit\u00e9<\/h2>\n\n\n\n<p>\u00ab\u00a0Pendant des ann\u00e9es, j&rsquo;ai eu la chance de pouvoir exp\u00e9rimenter la pratique du Yoga en grande partie dans cette salle. J&rsquo;ai d&rsquo;abord suivi des s\u00e9ances collectives, en tant que participant. Puis, une fois form\u00e9 \u00e0 l&rsquo;enseignement, Odette m&rsquo;a permis de continuer \u00e0 en d\u00e9couvrir d&rsquo;autres facettes, toujours dans cette salle, cette fois-ci en tant qu&rsquo;enseignant.<\/p>\n\n\n\n<p>En 2019, je reprends la gestion du Centre et souhaite m&rsquo;impliquer un peu plus dans la transmission de ce qui m&rsquo;a \u00e9t\u00e9 enseign\u00e9. Je suis donc tr\u00e8s heureux de poursuivre, avec le soutien d&rsquo;Odette et de toute l&rsquo;\u00e9quipe, la vocation de ce Centre : d\u00e9velopper la pratique et la connaissance du Yoga, ainsi que de disciplines proches, autour du lien corps\/mental.<\/p>\n\n\n\n<p>\u00c9t\u00e9 2023, le Centre a pu r\u00e9aliser de gros travaux de r\u00e9am\u00e9nagement int\u00e9rieur, avec l&rsquo;aide de nombreux participants. Il confirme donc sa vocation, tout en vous proposant un meilleur accueil et en r\u00e9duisant encore notre empreinte climatique : voir <a href=\"https:\/\/centredeyoga-lyon-jean-mace.org\/index.php\/accueil-centre-de-yoga-lyon-jean-mace\/developpement-durable\/\" target=\"_blank\" rel=\"noreferrer noopener\">notre vision du d\u00e9veloppement durable<\/a>.<\/p>\n\n\n\n<p>Je suis tr\u00e8s heureux de partager ce lieu vivant, dans le respect de l&rsquo;esprit du Yoga.<br>Bienvenue!\u00a0\u00bb<\/p>\n\n\n\n<p class=\"has-text-align-right\"><a href=\"http:\/\/centredeyoga-lyon-jean-mace.org\/index.php\/intervenants\/laurent-simon\/\">Laurent Simon<\/a><br>Gestionnaire actuel<\/p>\n\n\n\n<figure class=\"wp-block-image size-large\"><img loading=\"lazy\" decoding=\"async\" width=\"1024\" height=\"486\" src=\"https:\/\/centredeyoga-lyon-jean-mace.org\/wp-content\/uploads\/2023\/11\/IMG_9456-coupe-1024x486.jpg\" alt=\"\" class=\"wp-image-3551\" srcset=\"https:\/\/centredeyoga-lyon-jean-mace.org\/wp-content\/uploads\/2023\/11\/IMG_9456-coupe-1024x486.jpg 1024w, https:\/\/centredeyoga-lyon-jean-mace.org\/wp-content\/uploads\/2023\/11\/IMG_9456-coupe-300x142.jpg 300w, https:\/\/centredeyoga-lyon-jean-mace.org\/wp-content\/uploads\/2023\/11\/IMG_9456-coupe-768x365.jpg 768w, https:\/\/centredeyoga-lyon-jean-mace.org\/wp-content\/uploads\/2023\/11\/IMG_9456-coupe-1536x729.jpg 1536w, https:\/\/centredeyoga-lyon-jean-mace.org\/wp-content\/uploads\/2023\/11\/IMG_9456-coupe-2048x972.jpg 2048w\" sizes=\"auto, (max-width: 1024px) 100vw, 1024px\" \/><\/figure>\n\n\n\n<p><a href=\"https:\/\/centredeyoga-lyon-jean-mace.org\/index.php\/accueil-centre-de-yoga-lyon-jean-mace\/developpement-durable\/\">D\u00e9couvrir notre d\u00e9marche \u00e9thique<\/a><\/p>\n\n\n\n<div class=\"wp-block-buttons is-horizontal is-content-justification-center is-layout-flex wp-container-core-buttons-is-layout-499968f5 wp-block-buttons-is-layout-flex\">\n<div class=\"wp-block-button\"><a class=\"wp-block-button__link has-white-color has-luminous-vivid-amber-to-luminous-vivid-orange-gradient-background has-text-color has-background wp-element-button\" href=\"http:\/\/centredeyoga-lyon-jean-mace.org\/index.php\/le-yoga\/\"><mark style=\"background-color:rgba(0, 0, 0, 0)\" class=\"has-inline-color has-white-color\"> <strong>Qu&rsquo;est-ce que le Yoga?<\/strong> <\/mark><\/a><\/div>\n\n\n\n<div class=\"wp-block-button\"><a class=\"wp-block-button__link has-white-color has-luminous-vivid-amber-to-luminous-vivid-orange-gradient-background has-text-color has-background wp-element-button\" href=\"https:\/\/centredeyoga-lyon-jean-mace.org\/index.php\/cours\/cours-hebdomadaires-yoga-pilates-sophrologie-lyon-7\/\"><strong>S&rsquo;inscrire? Faire un cours d&rsquo;essai?<\/strong><\/a><\/div>\n<\/div>\n","protected":false},"excerpt":{"rendered":"<p>Naissance de la salle, il y a plus de 20 ans&#8230; Un mot de la cr\u00e9atrice du Centre : \u00ab\u00a0Depuis ma rencontre avec le Yoga, au d\u00e9but des ann\u00e9es 1990, celui-ci a pris une place de plus en plus importante dans ma vie. Il est devenu ma profession principale en 2003, en parall\u00e8le avec la [&hellip;]<\/p>\n","protected":false},"author":3,"featured_media":0,"parent":4,"menu_order":0,"comment_status":"closed","ping_status":"closed","template":"","meta":{"_monsterinsights_skip_tracking":false,"_monsterinsights_sitenote_active":false,"_monsterinsights_sitenote_note":"","_monsterinsights_sitenote_category":0,"footnotes":""},"class_list":["post-1769","page","type-page","status-publish","hentry","clear"],"yoast_head":"<!-- This site is optimized with the Yoast SEO plugin v27.4 - https:\/\/yoast.com\/product\/yoast-seo-wordpress\/ -->\n<title>L&#039;histoire du Centre - Centre de Yoga Lyon Jean Mac\u00e9<\/title>\n<meta name=\"robots\" content=\"index, follow, max-snippet:-1, max-image-preview:large, max-video-preview:-1\" \/>\n<link rel=\"canonical\" href=\"https:\/\/centredeyoga-lyon-jean-mace.org\/index.php\/accueil-centre-de-yoga-lyon-jean-mace\/histoire-de-la-salle\/\" \/>\n<meta property=\"og:locale\" content=\"fr_FR\" \/>\n<meta property=\"og:type\" content=\"article\" \/>\n<meta property=\"og:title\" content=\"L&#039;histoire du Centre - Centre de Yoga Lyon Jean Mac\u00e9\" \/>\n<meta property=\"og:description\" content=\"Naissance de la salle, il y a plus de 20 ans&#8230; Un mot de la cr\u00e9atrice du Centre : \u00ab\u00a0Depuis ma rencontre avec le Yoga, au d\u00e9but des ann\u00e9es 1990, celui-ci a pris une place de plus en plus importante dans ma vie. Il est devenu ma profession principale en 2003, en parall\u00e8le avec la [&hellip;]\" \/>\n<meta property=\"og:url\" content=\"https:\/\/centredeyoga-lyon-jean-mace.org\/index.php\/accueil-centre-de-yoga-lyon-jean-mace\/histoire-de-la-salle\/\" \/>\n<meta property=\"og:site_name\" content=\"Centre de Yoga Lyon Jean Mac\u00e9\" \/>\n<meta property=\"article:publisher\" content=\"https:\/\/www.facebook.com\/CentredeYogaLyonJeanMace\" \/>\n<meta property=\"article:modified_time\" content=\"2025-11-23T09:02:02+00:00\" \/>\n<meta property=\"og:image\" content=\"https:\/\/centredeyoga-lyon-jean-mace.org\/wp-content\/uploads\/2023\/11\/Salle-Ancien-1024x536.png\" \/>\n\t<meta property=\"og:image:width\" content=\"1024\" \/>\n\t<meta property=\"og:image:height\" content=\"536\" \/>\n\t<meta property=\"og:image:type\" content=\"image\/png\" \/>\n<meta name=\"twitter:card\" content=\"summary_large_image\" \/>\n<meta name=\"twitter:label1\" content=\"Dur\u00e9e de lecture estim\u00e9e\" \/>\n\t<meta name=\"twitter:data1\" content=\"3 minutes\" \/>\n<script type=\"application\/ld+json\" class=\"yoast-schema-graph\">{\"@context\":\"https:\\\/\\\/schema.org\",\"@graph\":[{\"@type\":\"WebPage\",\"@id\":\"https:\\\/\\\/centredeyoga-lyon-jean-mace.org\\\/index.php\\\/accueil-centre-de-yoga-lyon-jean-mace\\\/histoire-de-la-salle\\\/\",\"url\":\"https:\\\/\\\/centredeyoga-lyon-jean-mace.org\\\/index.php\\\/accueil-centre-de-yoga-lyon-jean-mace\\\/histoire-de-la-salle\\\/\",\"name\":\"L'histoire du Centre - Centre de Yoga Lyon Jean Mac\u00e9\",\"isPartOf\":{\"@id\":\"https:\\\/\\\/centredeyoga-lyon-jean-mace.org\\\/#website\"},\"primaryImageOfPage\":{\"@id\":\"https:\\\/\\\/centredeyoga-lyon-jean-mace.org\\\/index.php\\\/accueil-centre-de-yoga-lyon-jean-mace\\\/histoire-de-la-salle\\\/#primaryimage\"},\"image\":{\"@id\":\"https:\\\/\\\/centredeyoga-lyon-jean-mace.org\\\/index.php\\\/accueil-centre-de-yoga-lyon-jean-mace\\\/histoire-de-la-salle\\\/#primaryimage\"},\"thumbnailUrl\":\"https:\\\/\\\/centredeyoga-lyon-jean-mace.org\\\/wp-content\\\/uploads\\\/2023\\\/11\\\/Salle-Ancien-1024x536.png\",\"datePublished\":\"2020-07-13T11:11:01+00:00\",\"dateModified\":\"2025-11-23T09:02:02+00:00\",\"breadcrumb\":{\"@id\":\"https:\\\/\\\/centredeyoga-lyon-jean-mace.org\\\/index.php\\\/accueil-centre-de-yoga-lyon-jean-mace\\\/histoire-de-la-salle\\\/#breadcrumb\"},\"inLanguage\":\"fr-FR\",\"potentialAction\":[{\"@type\":\"ReadAction\",\"target\":[\"https:\\\/\\\/centredeyoga-lyon-jean-mace.org\\\/index.php\\\/accueil-centre-de-yoga-lyon-jean-mace\\\/histoire-de-la-salle\\\/\"]}]},{\"@type\":\"ImageObject\",\"inLanguage\":\"fr-FR\",\"@id\":\"https:\\\/\\\/centredeyoga-lyon-jean-mace.org\\\/index.php\\\/accueil-centre-de-yoga-lyon-jean-mace\\\/histoire-de-la-salle\\\/#primaryimage\",\"url\":\"https:\\\/\\\/centredeyoga-lyon-jean-mace.org\\\/wp-content\\\/uploads\\\/2023\\\/11\\\/Salle-Ancien.png\",\"contentUrl\":\"https:\\\/\\\/centredeyoga-lyon-jean-mace.org\\\/wp-content\\\/uploads\\\/2023\\\/11\\\/Salle-Ancien.png\",\"width\":3742,\"height\":1960},{\"@type\":\"BreadcrumbList\",\"@id\":\"https:\\\/\\\/centredeyoga-lyon-jean-mace.org\\\/index.php\\\/accueil-centre-de-yoga-lyon-jean-mace\\\/histoire-de-la-salle\\\/#breadcrumb\",\"itemListElement\":[{\"@type\":\"ListItem\",\"position\":1,\"name\":\"Accueil\",\"item\":\"https:\\\/\\\/centredeyoga-lyon-jean-mace.org\\\/\"},{\"@type\":\"ListItem\",\"position\":2,\"name\":\"Accueil\",\"item\":\"https:\\\/\\\/centredeyoga-lyon-jean-mace.org\\\/\"},{\"@type\":\"ListItem\",\"position\":3,\"name\":\"L&rsquo;histoire du Centre\"}]},{\"@type\":\"WebSite\",\"@id\":\"https:\\\/\\\/centredeyoga-lyon-jean-mace.org\\\/#website\",\"url\":\"https:\\\/\\\/centredeyoga-lyon-jean-mace.org\\\/\",\"name\":\"Centre de yoga Lyon Jean Mac\u00e9\",\"description\":\"Une salle de Yoga au coeur de Lyon\",\"publisher\":{\"@id\":\"https:\\\/\\\/centredeyoga-lyon-jean-mace.org\\\/#organization\"},\"potentialAction\":[{\"@type\":\"SearchAction\",\"target\":{\"@type\":\"EntryPoint\",\"urlTemplate\":\"https:\\\/\\\/centredeyoga-lyon-jean-mace.org\\\/?s={search_term_string}\"},\"query-input\":{\"@type\":\"PropertyValueSpecification\",\"valueRequired\":true,\"valueName\":\"search_term_string\"}}],\"inLanguage\":\"fr-FR\"},{\"@type\":\"Organization\",\"@id\":\"https:\\\/\\\/centredeyoga-lyon-jean-mace.org\\\/#organization\",\"name\":\"Centre de yoga Lyon Jean Mac\u00e9\",\"url\":\"https:\\\/\\\/centredeyoga-lyon-jean-mace.org\\\/\",\"logo\":{\"@type\":\"ImageObject\",\"inLanguage\":\"fr-FR\",\"@id\":\"https:\\\/\\\/centredeyoga-lyon-jean-mace.org\\\/#\\\/schema\\\/logo\\\/image\\\/\",\"url\":\"https:\\\/\\\/centredeyoga-lyon-jean-mace.org\\\/wp-content\\\/uploads\\\/2021\\\/06\\\/Logo-Centre-yoga-LJM-web.png\",\"contentUrl\":\"https:\\\/\\\/centredeyoga-lyon-jean-mace.org\\\/wp-content\\\/uploads\\\/2021\\\/06\\\/Logo-Centre-yoga-LJM-web.png\",\"width\":500,\"height\":520,\"caption\":\"Centre de yoga Lyon Jean Mac\u00e9\"},\"image\":{\"@id\":\"https:\\\/\\\/centredeyoga-lyon-jean-mace.org\\\/#\\\/schema\\\/logo\\\/image\\\/\"},\"sameAs\":[\"https:\\\/\\\/www.facebook.com\\\/CentredeYogaLyonJeanMace\",\"https:\\\/\\\/www.instagram.com\\\/centredeyogalyonjeanmace\\\/\"]}]}<\/script>\n<!-- \/ Yoast SEO plugin. -->","yoast_head_json":{"title":"L'histoire du Centre - Centre de Yoga Lyon Jean Mac\u00e9","robots":{"index":"index","follow":"follow","max-snippet":"max-snippet:-1","max-image-preview":"max-image-preview:large","max-video-preview":"max-video-preview:-1"},"canonical":"https:\/\/centredeyoga-lyon-jean-mace.org\/index.php\/accueil-centre-de-yoga-lyon-jean-mace\/histoire-de-la-salle\/","og_locale":"fr_FR","og_type":"article","og_title":"L'histoire du Centre - Centre de Yoga Lyon Jean Mac\u00e9","og_description":"Naissance de la salle, il y a plus de 20 ans&#8230; Un mot de la cr\u00e9atrice du Centre : \u00ab\u00a0Depuis ma rencontre avec le Yoga, au d\u00e9but des ann\u00e9es 1990, celui-ci a pris une place de plus en plus importante dans ma vie. Il est devenu ma profession principale en 2003, en parall\u00e8le avec la [&hellip;]","og_url":"https:\/\/centredeyoga-lyon-jean-mace.org\/index.php\/accueil-centre-de-yoga-lyon-jean-mace\/histoire-de-la-salle\/","og_site_name":"Centre de Yoga Lyon Jean Mac\u00e9","article_publisher":"https:\/\/www.facebook.com\/CentredeYogaLyonJeanMace","article_modified_time":"2025-11-23T09:02:02+00:00","og_image":[{"width":1024,"height":536,"url":"https:\/\/centredeyoga-lyon-jean-mace.org\/wp-content\/uploads\/2023\/11\/Salle-Ancien-1024x536.png","type":"image\/png"}],"twitter_card":"summary_large_image","twitter_misc":{"Dur\u00e9e de lecture estim\u00e9e":"3 minutes"},"schema":{"@context":"https:\/\/schema.org","@graph":[{"@type":"WebPage","@id":"https:\/\/centredeyoga-lyon-jean-mace.org\/index.php\/accueil-centre-de-yoga-lyon-jean-mace\/histoire-de-la-salle\/","url":"https:\/\/centredeyoga-lyon-jean-mace.org\/index.php\/accueil-centre-de-yoga-lyon-jean-mace\/histoire-de-la-salle\/","name":"L'histoire du Centre - Centre de Yoga Lyon Jean Mac\u00e9","isPartOf":{"@id":"https:\/\/centredeyoga-lyon-jean-mace.org\/#website"},"primaryImageOfPage":{"@id":"https:\/\/centredeyoga-lyon-jean-mace.org\/index.php\/accueil-centre-de-yoga-lyon-jean-mace\/histoire-de-la-salle\/#primaryimage"},"image":{"@id":"https:\/\/centredeyoga-lyon-jean-mace.org\/index.php\/accueil-centre-de-yoga-lyon-jean-mace\/histoire-de-la-salle\/#primaryimage"},"thumbnailUrl":"https:\/\/centredeyoga-lyon-jean-mace.org\/wp-content\/uploads\/2023\/11\/Salle-Ancien-1024x536.png","datePublished":"2020-07-13T11:11:01+00:00","dateModified":"2025-11-23T09:02:02+00:00","breadcrumb":{"@id":"https:\/\/centredeyoga-lyon-jean-mace.org\/index.php\/accueil-centre-de-yoga-lyon-jean-mace\/histoire-de-la-salle\/#breadcrumb"},"inLanguage":"fr-FR","potentialAction":[{"@type":"ReadAction","target":["https:\/\/centredeyoga-lyon-jean-mace.org\/index.php\/accueil-centre-de-yoga-lyon-jean-mace\/histoire-de-la-salle\/"]}]},{"@type":"ImageObject","inLanguage":"fr-FR","@id":"https:\/\/centredeyoga-lyon-jean-mace.org\/index.php\/accueil-centre-de-yoga-lyon-jean-mace\/histoire-de-la-salle\/#primaryimage","url":"https:\/\/centredeyoga-lyon-jean-mace.org\/wp-content\/uploads\/2023\/11\/Salle-Ancien.png","contentUrl":"https:\/\/centredeyoga-lyon-jean-mace.org\/wp-content\/uploads\/2023\/11\/Salle-Ancien.png","width":3742,"height":1960},{"@type":"BreadcrumbList","@id":"https:\/\/centredeyoga-lyon-jean-mace.org\/index.php\/accueil-centre-de-yoga-lyon-jean-mace\/histoire-de-la-salle\/#breadcrumb","itemListElement":[{"@type":"ListItem","position":1,"name":"Accueil","item":"https:\/\/centredeyoga-lyon-jean-mace.org\/"},{"@type":"ListItem","position":2,"name":"Accueil","item":"https:\/\/centredeyoga-lyon-jean-mace.org\/"},{"@type":"ListItem","position":3,"name":"L&rsquo;histoire du Centre"}]},{"@type":"WebSite","@id":"https:\/\/centredeyoga-lyon-jean-mace.org\/#website","url":"https:\/\/centredeyoga-lyon-jean-mace.org\/","name":"Centre de yoga Lyon Jean Mac\u00e9","description":"Une salle de Yoga au coeur de Lyon","publisher":{"@id":"https:\/\/centredeyoga-lyon-jean-mace.org\/#organization"},"potentialAction":[{"@type":"SearchAction","target":{"@type":"EntryPoint","urlTemplate":"https:\/\/centredeyoga-lyon-jean-mace.org\/?s={search_term_string}"},"query-input":{"@type":"PropertyValueSpecification","valueRequired":true,"valueName":"search_term_string"}}],"inLanguage":"fr-FR"},{"@type":"Organization","@id":"https:\/\/centredeyoga-lyon-jean-mace.org\/#organization","name":"Centre de yoga Lyon Jean Mac\u00e9","url":"https:\/\/centredeyoga-lyon-jean-mace.org\/","logo":{"@type":"ImageObject","inLanguage":"fr-FR","@id":"https:\/\/centredeyoga-lyon-jean-mace.org\/#\/schema\/logo\/image\/","url":"https:\/\/centredeyoga-lyon-jean-mace.org\/wp-content\/uploads\/2021\/06\/Logo-Centre-yoga-LJM-web.png","contentUrl":"https:\/\/centredeyoga-lyon-jean-mace.org\/wp-content\/uploads\/2021\/06\/Logo-Centre-yoga-LJM-web.png","width":500,"height":520,"caption":"Centre de yoga Lyon Jean Mac\u00e9"},"image":{"@id":"https:\/\/centredeyoga-lyon-jean-mace.org\/#\/schema\/logo\/image\/"},"sameAs":["https:\/\/www.facebook.com\/CentredeYogaLyonJeanMace","https:\/\/www.instagram.com\/centredeyogalyonjeanmace\/"]}]}},"_links":{"self":[{"href":"https:\/\/centredeyoga-lyon-jean-mace.org\/index.php\/wp-json\/wp\/v2\/pages\/1769","targetHints":{"allow":["GET"]}}],"collection":[{"href":"https:\/\/centredeyoga-lyon-jean-mace.org\/index.php\/wp-json\/wp\/v2\/pages"}],"about":[{"href":"https:\/\/centredeyoga-lyon-jean-mace.org\/index.php\/wp-json\/wp\/v2\/types\/page"}],"author":[{"embeddable":true,"href":"https:\/\/centredeyoga-lyon-jean-mace.org\/index.php\/wp-json\/wp\/v2\/users\/3"}],"replies":[{"embeddable":true,"href":"https:\/\/centredeyoga-lyon-jean-mace.org\/index.php\/wp-json\/wp\/v2\/comments?post=1769"}],"version-history":[{"count":5,"href":"https:\/\/centredeyoga-lyon-jean-mace.org\/index.php\/wp-json\/wp\/v2\/pages\/1769\/revisions"}],"predecessor-version":[{"id":4952,"href":"https:\/\/centredeyoga-lyon-jean-mace.org\/index.php\/wp-json\/wp\/v2\/pages\/1769\/revisions\/4952"}],"up":[{"embeddable":true,"href":"https:\/\/centredeyoga-lyon-jean-mace.org\/index.php\/wp-json\/wp\/v2\/pages\/4"}],"wp:attachment":[{"href":"https:\/\/centredeyoga-lyon-jean-mace.org\/index.php\/wp-json\/wp\/v2\/media?parent=1769"}],"curies":[{"name":"wp","href":"https:\/\/api.w.org\/{rel}","templated":true}]}}